6. Determine w(-3).
-20
Let p(f) = -f**2 - 8*f + 12746. Give p(109).
-7
Let q(i) = -i**3 + 3*i**2 + 6075*i + 65127. What is q(-11)?
-4
Let g(w) = -3*w**3 + 202*w**2 - 871*w + 445. What is g(4)?
1
Let t(v) = -2*v**3 - 64*v**2 + 51*v + 863. Give t(-33).
1358
Let z(p) = -2850*p - 1450645. Give z(-509).
5
Let k(j) = -j**2 - 104*j + 9964. What is k(-165)?
-101
Let p(n) = -4433*n - 26681. Give p(-6).
-83
Let d(q) = -86*q**2 - 74*q - 213. Give d(-3).
-765
Let t(r) = 50*r**2 + 938*r + 663. What is t(-18)?
-21
Let q(g) = -22064*g + 110328. Give q(5).
8
Let k(d) = 894*d - 9806. Determine k(11).
28
Let q(p) = -573*p + 31502. Calculate q(55).
-13
Let w(p) = p**3 - 42*p**2 - 31*p + 3464. What is w(41)?
512
Let c(x) = -5*x**2 + 1567*x + 4100. Give c(316).
-8
Let j(k) = 2*k**3 + 222*k**2 + 3915*k - 95. Give j(-89).
-6
Let j(y) = -7665*y - 106969. Calculate j(-14).
341
Let g(x) = -7*x**2 + 233*x + 10217. Determine g(-25).
17
Let j(u) = -7129*u - 28371. Determine j(-4).
145
Let q(m) = 8*m**2 + 7873*m + 324642. Give q(-941).
-3
Let x(d) = -61*d**3 + 221*d**2 - 226*d + 4. Determine x(1).
-62
Let s(g) = 248*g**2 - 2744*g + 205. Determine s(11).
29
Let v(o) = 3544*o + 1311291. Give v(-370).
11
Let z(d) = d**3 + 48*d**2 - 124*d + 1276. Determine z(-51).
-203
Let s(v) = -3658587*v + 21951517. Determine s(6).
-5
Let v(y) = 316912*y + 3486075. What is v(-11)?
43
Let m(r) = -2*r**2 + 35*r + 2284. Calculate m(32).
1356
Let s(y) = y**2 - 324*y - 809. Calculate s(325).
-484
Let n(a) = -a**2 + 100*a - 2491. Give n(45).
-16
Let u(c) = -4*c**2 + 1168*c + 19713. Give u(-16).
1
Let s(r) = r**3 + 25*r**2 - 7484*r - 1204. Give s(75).
-4
Let q(m) = -10749*m + 515958. Determine q(48).
6
Let r(v) = 923*v - 224158. Determine r(243).
131
Let p(y) = -110*y**2 - 380*y - 1493. Calculate p(-4).
-1733
Let d(b) = 4*b**2 - 229*b + 47. Determine d(0).
47
Let s(y) = -4*y**2 + 1363*y + 79489. What is s(392)?
-871
Let c(q) = q**3 - 155*q**2 - 1840*q + 2393. What is c(166)?
69
Let m(c) = -c**3 + 35*c**2 + 253*c - 4740. Determine m(39).
-957
Let z(o) = -o**2 + 23*o + 4993. Calculate z(88).
-727
Let t(h) = h**3 - 589*h**2 - 166*h + 443364. What is t(588)?
12
Let h(r) = 978*r - 1425. What is h(2)?
531
Let w(g) = -13*g**3 - 6*g**2 - g + 15. What is w(-4)?
755
Let t(p) = -3*p**3 + 6*p**2 + 87*p + 687. Calculate t(-7).
1401
Let d(s) = -1147*s - 1159. Give d(-1).
-12
Let a(r) = r**2 - 19517*r - 1233548. Determine a(-63).
-8
Let c(t) = -t**3 - 12*t**2 - 157*t - 1233. Calculate c(-9).
-63
Let f(k) = -k**2 - 3908*k - 104747. Calculate f(-27).
40
Let b(z) = -z**3 + 19*z**2 + 1634*z - 10274. Calculate b(6).
-2
Let s(m) = 2*m**2 - 181*m + 491. Give s(40).
-3549
Let z(j) = 488*j + 1200. Calculate z(-4).
-752
Let u(v) = -29*v**2 - 7*v + 17. What is u(-2)?
-85
Let x(r) = 27*r**2 - 14587*r + 174768. Determine x(528).
0
Let g(n) = -42*n**3 + 4231*n**2 + 9786*n - 98. Give g(103).
5
Let d(a) = 28*a**2 + 1196*a + 840. What is d(-42)?
0
Let b(o) = 4*o**2 - 130*o + 1039. Calculate b(14).
3
Let o(f) = -2*f**2 - 975*f - 99297. Calculate o(-146).
421
Let r(d) = -308*d - 23389. Determine r(-76).
19
Let i(a) = a**3 - 40*a**2 + 42*a - 1664. Determine i(40).
16
Let p(n) = -13*n**2 + 1243*n + 15155. Give p(-12).
-1633
Let y(n) = 19*n**2 + 139*n - 408. What is y(6)?
1110
Let w(l) = -16*l**2 - 3170*l - 6633. Calculate w(-196).
31
Let q(c) = -2*c**2 - 240*c - 7182. What is q(-63)?
0
Let o(d) = -18*d**3 - 248*d**2 + 51*d - 68. Calculate o(-14).
2
Let o(b) = 12430495*b - 99443964. Determine o(8).
-4
Let j(s) = 2804*s**2 - 36465*s + 162. Determine j(13).
-7
Let l(j) = -2090*j - 104505. Determine l(-50).
-5
Let m(t) = t**2 + 47*t - 3508. Calculate m(-90).
362
Let t(v) = 117*v**3 + 354*v**2 - 123*v - 382. What is t(-3)?
14
Let s(g) = 1073*g + 226385. Calculate s(-211).
-18
Let q(u) = -5*u**2 + 1294*u + 13729. Give q(269).
10
Let r(p) = -1143*p + 48256. Give r(42).
250
Let d(z) = 9557*z + 6709015. Calculate d(-702).
1
Let d(x) = -1509*x**3 - 8*x**2 + 3*x + 9. Give d(1).
-1505
Let o(h) = 5*h**2 - 27087*h + 243831. What is o(9)?
453
Let z(v) = -v**3 + 12*v**2 + 122*v + 89. Calculate z(16).
1017
Let f(t) = 1034*t + 79668. Calculate f(-77).
50
Let g(i) = 29*i**3 - 189*i**2 + 57*i - 7. What is g(9)?
6338
Let s(y) = -y**3 + 154*y**2 - 3721*y + 10. What is s(124)?
-114
Let q(x) = 3*x**2 + 343*x - 5762. Give q(15).
58
Let m(n) = 21291*n + 212924. Determine m(-10).
14
Let x(q) = -650462*q - 5854142. Calculate x(-9).
16
Let v(w) = 2*w**3 + 226*w**2 - 395*w - 18987. Give v(-114).
51
Let h(u) = 49*u**2 + 2361*u + 6650. What is h(-3)?
8
Let y(h) = 2192*h + 43848. Calculate y(-20).
8
Let w(q) = -12*q**2 + 587*q + 12190. Determine w(65).
-355
Let f(p) = -p**3 - 154*p**2 + 261*p - 8141. What is f(-156)?
-185
Let p(n) = -n**3 - 29*n**2 + 431*n + 12481. What is p(-29)?
-18
Let v(t) = -24450*t**2 + 342297*t - 27. Calculate v(14).
-69
Let o(u) = -u**3 - 220*u**2 + 874*u - 4805. Calculate o(-224).
123
Let g(f) = -f**2 - 299*f - 1470. Determine g(-5).
0
Let x(w) = 306*w**2 - 7334*w - 256. What is x(24)?
-16
Let o(h) = 51*h**2 - 14686*h - 334. Give o(288).
242
Let v(f) = f**2 + 341*f - 4196. Calculate v(12).
40
Let l(m) = -14*m**2 + 400*m - 1175. Give l(3).
-101
Let o(m) = -3*m**3 + 58*m**2 - 48*m + 343. Calculate o(19).
-208
Let k(j) = -294*j - 95259. Determine k(-324).
-3
Let k(c) = -c**3 + 133*c**2 - 1081*c - 1524. Determine k(10).
-34
Let u(j) = -13344*j + 160135. What is u(12)?
7
Let m(h) = -h**3 - 11*h**2 + 5*h + 18. Give m(-11).
-37
Let k(h) = 14123*h + 25980. Determine k(-2).
-2266
Let j(c) = c**3 + 16*c**2 + 261*c + 1881. Give j(-8).
305
Let u(c) = -1586*c + 723. Give u(1).
-863
Let s(n) = -139*n**2 + 648*n + 176. Calculate s(5).
-59
Let x(q) = q**2 + 613*q + 7840. What is x(-13)?
40
Let d(k) = 2*k**3 - 251*k**2 + 5557*k - 2732. What is d(97)?
-16
Let x(a) = -6*a**3 - 255*a**2 - 370*a - 98. Determine x(-41).
-57
Let g(y) = -2*y**2 + 2309*y - 67639. Calculate g(30).
-169
Let r(u) = 5*u**2 - 114*u + 516. What is r(22)?
428
Let t(h) = -h**3 + 58*h**2 + 73*h - 75. Determine t(59).
751
Let w(c) = -2*c**3 - 144*c**2 - 2166*c + 1713. Determine w(-50).
13
Let z(i) = 76*i - 1179. Calculate z(48).
2469
Let o(l) = -1253*l - 127138. Give o(-100).
-1838
Let c(p) = 309337*p - 3093424. What is c(10)?
-54
Let r(w) = -3*w**2 - 11074*w - 187397. Calculate r(-17).
-6
Let u(r) = 470*r + 59243. Calculate u(-126).
23
Let y(i) = 552*i**2 + 7177*i + 18. Calculate y(-13).
5
Let f(z) = -13*z**2 + 310*z - 1497. What is f(5)?
-272
Let a(m) = -2*m**3 + 93*m**2 - 10*m + 637. Calculate a(47).
-2042
Let r(s) = 55*s**3 + 2*s**2 - s + 16. Determine r(2).
462
Let l(p) = -101*p**2 + 71*p + 2180. Calculate l(5).
10
Let a(z) = 2*z**2 - 3868*z - 19365. What is a(-5)?
25
Let k(c) = -3*c**3 + 1225*c**2 - 4110*c + 24299. Determine k(405).
-1
Let m(a) = 207507*a - 830047. Calculate m(4).
-19
Let m(c) = -40*c**2 - 2942*c + 1301. Give m(-74).
-31
Let t(i) = -3*i**2 - 7406*i - 3928559. Calculate t(-1697).
-4
Let x(n) = -595*n - 162584. Determine x(-273).
-149
Let l(w) = w**3 + 331*w**2 - 1243*w - 366. What is l(4)?
22
Let n(v) = -v**3 - 670*v**2 + 4108*v + 35240. Calculate n(-676).
88
Let h(t) = 2*t**2 - 220*t + 958. Determine h(105).
-92
Let y(o) = 853*o**2 - 747*o - 747. What is y(-1)?
853
Let r(v) = 186998*v + 48432492. What is r(-259)?
10
Let u(a) = a**2 - 691*a + 119307. Give u(337).
9
Let b(j) = 546*j - 36299. Calculate b(67).
283
Let g(l) = 14*l**2 - 820*l - 309. Determine g(58).
-773
Let w(r) = -14824*r - 489167. Calculate w(-33).
25
Let j(c) = -3010*c + 113929. Calculate j(38).
-451
Let x(g) = -28*g**3 - 188*g**2 - 31*g. Determine x(-8).
2552
Let r(h) = 5614*h + 146179. What is r(-26)?
215
Let s(m) = -13*m**2 - 1368*m - 2120. Determine s(-104).
-456
Let t(h) = 5369*h - 198666. Give t(37).
-13
Let l(r) = -r**3 + 12*r**2 - 728*r + 5088. Calculate l(7).
237
Let x(d) = -2595*d - 13272. Determine x(-5).
-297
Let i(l) = l**3 + 40*l**2 - 1524*l - 58468. Calculate i(-45).
-13
Let y(z) = -4*z**2 - 621*z + 1102. Determine y(-157).
3
Let w(z) = -z**2 - 9386*z - 28156. Determine w(-3).
-7
Let w(t) = -217*t + 17600. Give w(76).
1108
Let q(m) = -540*m - 64098. What is q(-119)?
162
Let d(n) = -102*n**3 - 102*n - 200. Determine d(-2).
820
Let d(y) = -260*y + 1683. What is d(5)?
383
Let p(m) = 11